second derivative of -h**3/2 + h**2/2 - h. Let q be m(3). Let s be (8/(-10))/(q/220). Calculate the greatest common factor of 88 and s.
22
Let r be (-3)/((-6)/(-4) + -3). Suppose -i - r*o = 2*i - 17, -2*i = -2*o - 8. Suppose -2*s + 98 - 8 = 0. Calculate the greatest common factor of s and i.
5
Let s(y) = -y**3 - 6*y**2 - 7*y + 8. Let d be s(-5). Calculate the highest common divisor of 72 and d.
18
Let p(h) = -3*h**2 + 14*h + 2. Suppose -8*f + 48 = 4*f. Let l be p(f). What is the greatest common factor of 130 and l?
10
Suppose -587*y + 228 = -585*y. Calculate the highest common divisor of 57 and y.
57
Suppose -n + 43 + 123 = 0. Suppose -4*t - 14 = 4*d - n, -142 = -4*t + d. Calculate the highest common divisor of 18 and t.
18
Suppose 20*b - 101*b + 47709 = 0. What is the greatest common divisor of 31 and b?
31
Let r be 2/(((-20)/6)/(-5)). Suppose 0 = 7*m + 6*m - 429. Calculate the greatest common divisor of m and r.
3
Let u(w) = -w + 48. Let d be u(0). Let n(i) = -2*i**2 - 4 - 11*i - 20 - i**2 + 2*i**2. Let b be n(-6). Calculate the greatest common divisor of b and d.
6
Let v be ((-195)/9)/((-30)/36). What is the greatest common factor of 169 and v?
13
Let v(o) = -o**2 + 3*o + 1. Let n be v(2). Suppose -66 - 42 = -n*f. Let d be -1*(2 + -7) + (51 - 2). What is the highest common divisor of d and f?
18
Let r(j) = -j**2 - 2*j - 1. Let l be r(-1). Let a be (3/1)/(l - -1). Let w(t) = -t**2 - 8*t + 6. Let s be w(-5). What is the highest common factor of a and s?
3
Let m be (-3 - (40/(-5) - -1)) + 150. Calculate the greatest common divisor of m and 594.
22
Let j be -3 + ((-12)/18)/((-2)/(-9)). Suppose -1 = 5*m - 4*d + 12, -4*m = 4*d - 4. Let c be m - j/(4/2). What is the greatest common factor of 14 and c?
2
Suppose -77*r = -69*r - 72. Suppose 2*u + 4*f = 126, -f + 0*f = 0. Calculate the greatest common factor of u and r.
9
Let o = -5 + 9. Let k(c) = c**3 - 3*c**2 + 4. Let t be k(o). What is the highest common divisor of 20 and t?
20
Let a = 421 - 265. What is the highest common divisor of 117 and a?
39
Let n(g) = 58*g**2. Let u be n(-1). Let j be (-81)/(-36)*8/6. Suppose 4*d - 64 = -j*p + p, u = 4*d - p. What is the greatest common factor of d and 30?
15
Suppose 7 = -3*y - 5, 4*z - y = 136. Let w(i) = -i + 22. Let j be w(0). Suppose -3*f + j = -f. Calculate the greatest common factor of z and f.
11
Let p = 647 + -589. What is the greatest common divisor of 2 and p?
2
Let w(s) = 4*s**3 - 2*s**2 + 2*s - 2. Let z be w(2). Let h = z + -22. Suppose -h*r + 52 = -0*r. Calculate the greatest common divisor of 91 and r.
13
Let s be (120/(-45) - -6)/(2/3). Calculate the highest common factor of 2 and s.
1
Suppose -117 = 2*d - 5*d + 3*h, d - 3*h - 45 = 0. Calculate the highest common factor of d and 24.
12
Let m be (1 - -4)/(30/(-10))*-24. Suppose 0 = 2*s - 7*s + 80. Calculate the highest common divisor of s and m.
8
Suppose -l - z = 3*l - 144, 4*l - 144 = 3*z. Let m(i) = i**2 - 3*i + 2. Let r be m(5). Calculate the greatest common divisor of l and r.
12
Let g = 35 - 33. Suppose 0 = g*v - 21 - 5. Calculate the highest common factor of 143 and v.
13
Let m be (-1*1 - -1)*1. Let s = 1532 + -1537. Let n be (m - -2)/(-1)*s. Calculate the greatest common divisor of 30 and n.
10
Let u(f) = 3*f**2 - 13. Let z be u(-6). Let v be z + 3/(-3 - 0)*2. Calculate the greatest common divisor of v and 62.
31
Let y(f) = 14*f**3 - f**2 - 3*f. Let u be y(2). Let j = -83 + u. Calculate the greatest common divisor of 57 and j.
19
Let c be (-1 + 6)*(-4 + 5). Suppose -3*t + 2*t = 2*l - 80, c*l = -2*t + 160. Let a be (40/6)/(15/(360/16)). Calculate the highest common divisor of a and t.
10
Let k be ((0 - -53) + -4)/(3/12). What is the greatest common divisor of k and 28?
28
Let y = -20 + 21. Let d(i) = 24*i**2. Let z be d(y). What is the highest common divisor of 6 and z?
6
Let d be 5 + 13/(26/760). Calculate the highest common factor of d and 22.
11
Let b(u) = 2*u**3 - 6*u**2 - 7*u + 2. Let l be b(4). What is the greatest common factor of 66 and l?
6
Suppose -1337*s + 1333*s = -45 + 9. Let g(k) = -k + 5. Let u be g(-4). What is the greatest common factor of s and u?
9
Suppose 0*s = -2*s - 216. Let u be s*(15/(-6))/5. Calculate the highest common divisor of 81 and u.
27
Suppose -3*d = 2*f - 5*f + 75, 4*f + 5*d - 145 = 0. Let y(g) = g**2 - 87*g + 101. Let t be y(86). Calculate the greatest common divisor of f and t.
15
Let k = 271 + -238. Let y be (38/(-4))/((-1)/(-2)). Let m = y - -41. Calculate the greatest common divisor of k and m.
11
Suppose 2*i + l - 4 = 0, i + 1 - 3 = 4*l. Suppose 3*m - 5*k - 11 = -0*m, -i*k - 12 = -5*m. What is the highest common factor of 5 and m?
1
Suppose 0 = -g + 2*h + 30, 3*g + 4*h = -g + 108. Let o be 14/g - 119/(-2). What is the highest common factor of 30 and o?
30
Let c(j) be the third derivative of j**5/30 + 5*j**4/24 + 2*j**3/3 + 4*j**2. Let w be c(-3). What is the highest common divisor of w and 21?
7
Suppose 19*o - 17*o - 768 = 0. Calculate the greatest common divisor of o and 24.
24
Let m be (-3 + 6)*(-1)/(-6)*26. Calculate the greatest common factor of m and 533.
13
Let p = -82 - -88. Let k be 1*-1*(-56)/12*p. Suppose -6 = -q - 2. What is the greatest common factor of q and k?
4
Let k = -67 + 67. Suppose 12*q - 6*q - 240 = k. What is the highest common factor of 200 and q?
40
Let v(t) = t**2 - t + 72. Let u be v(0). Let n(m) = -m**3 + 6*m**2 + 54*m + 59. Let s be n(11). What is the greatest common divisor of u and s?
24
Let j = -1 + 16. Suppose 649 = 4*s + d + 231, -s + 115 = -5*d. What is the greatest common factor of j and s?
15
Suppose -u - 4*i = -51, -3*u - i + 108 = 2*i. Let f = u - 19. Calculate the greatest common factor of f and 4.
4
Let n be 2 + 14/(-6) + (-7942)/(-66). Calculate the greatest common factor of n and 15.
15
Suppose 0 = 4*x + 13*g - 18*g - 435, -2*g = 6. Let b(m) = -20*m - 10. Let q be b(-4). Calculate the greatest common divisor of x and q.
35
Suppose -n - 5*x = 5, x + 3*x = -8. Let u(j) = j**3 - 15*j**2 + 18*j - 31. Let d be u(14). Calculate the highest common factor of d and n.
5
Let j = 42 + -48. Let m be 1 + (-4 - j) - -13. Calculate the highest common divisor of m and 12.
4
Let j(b) = b**2 + 2*b - 2. Let h be j(-6). Let c = -86 + 108. What is the greatest common divisor of c and h?
22
Let p = 14 + 18. Suppose -2*r = -37 + 29. Suppose -9 + 25 = r*s + 4*f, -2*s + 4*f = -p. What is the greatest common factor of 16 and s?
8
Suppose -4 + 2 = u. Let g be (9 - 0) + u + 1. Let s = 39 + -7. What is the highest common factor of s and g?
8
Let w(r) = 32*r**2 - 16*r + 3. Let t(j) = -j**2 - j + 1. Let v(y) = -6*t(y) + w(y). Let h be v(-2). Calculate the greatest common factor of 13 and h.
13
Suppose -14*t + t + 741 = 0. What is the greatest common factor of t and 3?
3
Let c be 3*(472/12 + 0). Suppose -2*h + 202 = -c. Calculate the highest common factor of 20 and h.
20
Let p = 2366 - 2339. What is the greatest common divisor of p and 891?
27
Let s(i) = -i + 1. Let n be s(-4). Suppose 5 = 10*m - n*m. Suppose -4*v + 5*f + 23 = 0, v + 3*v - f = 27. What is the highest common divisor of v and m?
1
Suppose -18*c + 21*c = 1980. Suppose -5*p - 4*l + c = 0, -2*p + 9*l = 4*l - 297. Calculate the greatest common factor of 8 and p.
8
Suppose -2*o + 46 = 8*u - 4*u, 4*u - o - 43 = 0. Suppose -c = 3*c. Suppose -a + u - 2 = c. What is the highest common divisor of a and 45?
9
Let t be 10/85 + 19274/34. What is the greatest common factor of 126 and t?
63
Let x be (-1404)/(-14) - (5 + (-363)/77). Calculate the greatest common factor of x and 350.
50
Suppose -15 = -0*f - 5*f, -3*m = 2*f - 42. Calculate the greatest common divisor of m and 108.
12
Suppose 0 = -i - 4*c - 275 + 2348, 3*c + 6174 = 3*i. Calculate the greatest common divisor of i and 9.
9
Let x(b) = -b**3 - 5*b**2 - 5*b - 4. Let k be x(-4). Suppose k = -4*v + 71 - 19. Calculate the greatest common factor of v and 13.
13
Suppose 35*h = 38*h - 660. Let z be (8/(-2))/((-4)/88). What is the greatest common factor of z and h?
44
Suppose -3*o - 2*j + 5 = 0, -2*j = -o - j. Let v(k) = -3*k**2 + k. Let s be v(2). Let y be s/(-25) + (-53)/(-5). What is the highest common divisor of o and y?
1
Let f(r) = -6*r**2 - 62*r - 12. Let v be f(-10). Calculate the greatest common divisor of 1 and v.
1
Let 